)?
5
Let n(q) = q**3 - 5*q**2 - 7*q + 6. Let c be n(6). Suppose c = 4*w + w. Suppose -5*l + 0*l + 95 = w. What is the units digit of l?
9
Suppose 7*y - 5463 - 2335 = 0. What is the thousands digit of y?
1
Let h be -1 + 168/(-1 + 5). Let t be h/2 + 3/(-6). Suppose 22 = 4*i - 3*u, -t = -4*i + u + 6. What is the units digit of i?
7
Suppose 6 = 5*h - 19. Suppose -96 = -y - 4*m, -6*y - h*m = -2*y - 395. What is the tens digit of y?
0
Suppose 0 = -5*a + 4*m + 10, -10*m = -5*m. Suppose 0 = -4*s + 3*h + 741, -592 = -3*s - 3*h - a*h. What is the units digit of s?
9
What is the units digit of -1 + 1 + 471/(-9)*-3?
7
What is the units digit of 5 + 0/6 + 365?
0
Suppose 0 = 2*a - 4*h - 412, -4*a + 2*h + 661 + 181 = 0. What is the units digit of a?
2
Suppose 0 = -p - 5, -7*m + 3*m - 3*p + 11065 = 0. What is the hundreds digit of m?
7
Suppose -22*m - 9 = -19*m. Let k be ((-147)/14)/(m/(-4)). Let v = 83 + k. What is the units digit of v?
9
Suppose 0 = -7*l + 2*l + 25. Suppose 5*a + l*d = 20 - 5, a - 2*d = 3. Suppose -a*n - 184 = -7*n. What is the tens digit of n?
4
Let p(x) = 372*x + 1. What is the hundreds digit of p(1)?
3
What is the hundreds digit of (-15*34/4)/((-1)/2)?
2
Suppose 0 = 11*f - 4*f - 4536. What is the tens digit of f?
4
What is the hundreds digit of (-96 + -70)/(2/(-29))?
4
Let c(m) = m**3 + 15*m**2 + 15*m + 19. Let w be c(-14). Suppose 4*k = v + 429, 0*k - 2*v = -w*k + 537. Suppose k = 4*g - 29. What is the tens digit of g?
3
Let k = -24 - -22. What is the units digit of 3/k*1246/(-21)?
9
Let d be ((-186)/9)/(2/9). What is the tens digit of d*3*(-1)/9?
3
Suppose 3540 = 23*p - 19*p - 5*s, -4*p + 3*s = -3532. What is the hundreds digit of p?
8
Let w(j) = -58*j**2 + 2*j - 1. Let k be w(1). Let z be k*(3 + 24/(-9)). Let d = 37 + z. What is the units digit of d?
8
Let p(o) = -o**2 + 7*o + 5. Let c(j) = 2*j**2 + 2*j + 2. Let d(a) = -a + 3. Let t be d(5). Let q be c(t). What is the tens digit of p(q)?
1
Let x = -24 + -5. Let y = -27 - x. What is the units digit of y?
2
Suppose -n + 4*r + 14 = -0*r, 2*n + 5 = -3*r. Let o(c) = c - 2. Let h be o(n). Suppose h = s, 3*s = -3*m - 8 + 62. What is the units digit of m?
8
What is the tens digit of 3648/285*2*5?
2
Let f(s) = -5*s + 2*s + 4*s - 2*s. Let u be f(1). What is the tens digit of u/((-3 + 2)/14)?
1
Let l(n) be the second derivative of n**5/10 + n**4/3 - n**2 - 8*n. What is the tens digit of l(2)?
3
Suppose -21*o = -41374 - 16922. What is the thousands digit of o?
2
What is the hundreds digit of 3250/10 - (2 + -5)?
3
Let a = 103 - 50. What is the tens digit of a?
5
Suppose -3*j + 5*y - 15 = 5, -3*j = -2*y + 8. Suppose j = 2*u - 8*u + 270. What is the units digit of u?
5
Suppose 3*g = -4*r + 617, -3*r + 7*g + 470 = 2*g. What is the hundreds digit of r?
1
Suppose 0*f = 5*i + 4*f - 927, 4*f = -8. Suppose -a - 117 = -c, 5*c - 476 = -2*a + 74. Let g = i - c. What is the tens digit of g?
7
Let s(l) = 30*l**2 - 3*l + 4. Let k = 29 + -27. What is the hundreds digit of s(k)?
1
Let a be ((-2)/(-7))/((-2)/(-28)). What is the tens digit of (a - -49) + -3 + -3?
4
Suppose 3*q - 4*c - 3963 = 4088, 10741 = 4*q + c. What is the tens digit of q?
8
Suppose 6*y - 1210 = 2588. What is the units digit of y?
3
Let z(j) = j**2 - 2. Suppose -2*l - 4 = -2*h, -2*h + 3 = h - 2*l. Let w be (-42)/(-6) - (2 - h). What is the units digit of z(w)?
4
Let v = -24 + 13. Let t = -4 - v. Suppose 3*y - t = 98. What is the tens digit of y?
3
Suppose -20232 + 3156 = -6*w. What is the tens digit of w?
4
Let p be -1 + 0 - (-144)/16. Suppose 5*c + 17 = -3*j, 2 + p = -2*j - 4*c. Let d = 2 - j. What is the units digit of d?
1
Let a(f) = f - 75 - 68 + 6*f**2 + 150 - f**3. What is the tens digit of a(4)?
4
Suppose 0 = g - 3*g + 18. Let d(i) = 5*i + 3*i**2 + g - 3 - 2*i**2. What is the tens digit of d(-7)?
2
Suppose -4*w + 3290 = -17*p + 19*p, -3*p + 4921 = -w. What is the thousands digit of p?
1
Suppose 1017 = 4*v - 3*y, 0*v + 253 = v - y. What is the hundreds digit of v?
2
Suppose 15*f + 5*f - 16*f = 0. Suppose -x + 341 = -2*w + 5*w, f = 2*w + x - 229. What is the tens digit of w?
1
Let c(q) = 5*q + 3. Let y be c(1). Let z(p) = 2*p**2 - 2*p - 15. What is the tens digit of z(y)?
9
Let v = 15 - -300. Suppose f + 55 = 4*r - 197, v = 5*r + 4*f. What is the tens digit of r?
6
Suppose 29 = 3*j + 5. Suppose 4*z = j*z. Suppose -7*w + 3*w + 32 = z. What is the units digit of w?
8
Let s = 586 - 403. What is the units digit of s?
3
Let f = 175 + -79. Suppose -f - 152 = -4*g. What is the tens digit of g?
6
What is the tens digit of 2184/((-7)/(-1)) + -3?
0
Let d = 426 + -7. What is the units digit of d?
9
Suppose -3*n + 0*n + 459 = 0. Suppose 0 = -4*f - n + 573. Suppose -5*v = -10*v + f. What is the tens digit of v?
2
Let m = -121 - -109. What is the tens digit of 6/(-4)*976/m?
2
Let i = -62 + 273. What is the units digit of i?
1
Let t = 28 + -17. Let c = t - 8. Suppose -5 + 23 = c*o. What is the units digit of o?
6
Let r = 35 - 31. What is the units digit of 37 - r*5/10?
5
Let q be 6 - 10 - 6*-1. Suppose -5*h - 95 = -q*r, -2*h = -r - 14 + 59. What is the tens digit of r?
3
Let y(d) = -d**3 - 4*d**2 + 2*d + 4. Let v be y(-4). Suppose 0 = 4*r + 3*i - 35, 3*r + 9*i - 4*i - 29 = 0. What is the units digit of 10 + v*(-6)/r?
3
Suppose -49 = -2*o - 5*o. Let q be -2 + -3 + o/(-1). Let y(p) = p**2 + 11*p + 8. What is the units digit of y(q)?
0
Let s(u) = -6*u - 3. Let j be s(1). What is the units digit of 1/(2 - (-15)/j)?
3
What is the hundreds digit of 1157/7 - ((-8)/14)/(-2)?
1
Suppose c - x = -2, 4*c = 2*x - 2 - 0. Let m be c/((-4)/(-148) - 0). Suppose 6*l - 301 = -m. What is the units digit of l?
4
Let d(z) = z**3 + z. Let f(c) = 3*c**3 + c**2 + 12*c - 4. Let s(o) = -4*d(o) + f(o). What is the tens digit of s(-4)?
4
Suppose -5*n + l + 10 = 0, -2*n = 5*l - 1 - 3. Suppose g - n - 21 = 0. What is the tens digit of g?
2
Let t(q) = -q**2 + 9*q + 10. Suppose 2*j - 6*j - 3*l = -46, 10 = 5*l. Let d be t(j). Suppose -4*v + 83 + 9 = d. What is the tens digit of v?
2
Suppose 193 = i - 2*s - 0*s, -4*i - 2*s = -732. What is the tens digit of i?
8
Let d = -136 - -344. What is the tens digit of d + -6 + 2 + -5?
9
Let u = 1 - 2. Let o(z) = 46*z**2 + 3 - 4 - 2*z - 10*z**2. What is the units digit of o(u)?
7
Suppose -o = -0 - 5. Suppose z + 2*z - o*s = 221, 5*s - 248 = -4*z. What is the units digit of z?
7
What is the hundreds digit of 1076/(((-112)/63)/(-4)) + 0?
4
Suppose 11*z - 817 = -234. What is the tens digit of z?
5
Suppose 4*f = -4*u - 4, 4*u = u + f + 13. Let d = u + 39. Let n = d + -29. What is the tens digit of n?
1
Let j(f) = 2*f + 1. Let y be j(1). Suppose 0 = -0*m + y*m. Suppose -2*z + 2 = -m. What is the units digit of z?
1
Suppose -12*h - 2270 = -22*h. What is the units digit of h?
7
Let s = -30 - -33. Suppose 3*f - 5*f + 159 = -s*t, 5*f + 3*t = 429. What is the units digit of f?
4
Let m(d) be the first derivative of 11*d**3/3 + 5*d**2/2 - 4*d + 18. What is the units digit of m(-4)?
2
Suppose -52 = -2*y + 84. Suppose j + 4*g - y = g, 0 = -g + 4. Let a = j + -20. What is the tens digit of a?
3
Suppose -3*g + g + 6 = 5*t, 2*t + 2 = -3*g. Suppose -t*c = -3*c + 29. What is the tens digit of c?
2
Suppose 2*b + 15 - 109 = 0. Suppose 6*h - 169 = b. Suppose 4*f - f = -k + 110, k - h = -f. What is the tens digit of f?
3
Let w(b) = 14*b - 14. Let i(g) = g. Let j(m) = -6*i(m) - w(m). Let o(f) = 10*f - 7. Let y(x) = 3*j(x) + 5*o(x). What is the units digit of y(-4)?
7
Suppose -48*j + 37361 - 9089 = 0. What is the units digit of j?
9
What is the hundreds digit of (-36)/(-28) - 62675/(-35)?
7
Let s(x) = 0*x + 6*x - 4*x + x**2 - 3. What is the tens digit of s(6)?
4
What is the units digit of ((4 - 1) + -404)/((-4)/8)?
2
Let t = -48 + 55. Suppose -4 = q - f, -2*q + 12 = -5*f + t*f. What is the units digit of q?
1
What is the hundreds digit of (4490/(-4))/(17/(-34))?
2
Let j be (-15)/(-2)*8/(-10). Let b(f) be the second derivative of f**5/20 + f**4/2 - f**3/3 - f**2 - 18*f. What is the tens digit of b(j)?
1
Suppose -97*z = -89*z - 792. What is the units digit of z?
9
Let g(b) = -24*b - 1. Let r be g(-16). Suppose r = 4*n - 237. What is the units digit of n?
5
Suppose 14*k - 24860 = -8*k. What is the tens digit of k?
3
Suppose b = f + 5*b - 358, 1910 = 5*f - 4*b. Suppose -j - 